er when i(1) is divided by l.
7
Let s(z) = -128*z**3 + 1. What is the remainder when s(-1) is divided by (1 - 7/(-2))/(9/24)?
9
What is the remainder when 590 is divided by ((-9)/(90/10))/(5/(-45))?
5
Suppose 3971 = -40*k + 40891. What is the remainder when k is divided by 83?
10
Calculate the remainder when 4826 is divided by (237 - 30)*4/18.
42
Suppose 7224 = 309*y - 267*y. What is the remainder when 5674 is divided by y?
170
Suppose -2*v + 146 = 2*t + 114, -4*t = 5*v - 58. What is the remainder when 394 is divided by t?
20
Let h(l) = 308*l - 14. Let b be h(-2). Calculate the remainder when -3 + 8 + b/(-1) is divided by 71.
67
Suppose -k = 4*h - 6 - 24, -k + 4*h + 14 = 0. Let b = k + -20. Let m = 14 + b. Calculate the remainder when 45 is divided by m.
13
Let j = 4678 - 4638. Let k(o) = 114*o**2 + o - 1. What is the remainder when k(1) is divided by j?
34
Suppose 0 = 3*b - 4*p - 2042 - 95, -2*b = -p - 1433. Let y = -649 + b. What is the remainder when 132 is divided by y?
62
Calculate the remainder when (4328 - 2 - (-7 - -14))/1 is divided by 90.
89
Let x(o) = o**2 - 4*o - 1. Let s(m) = m**2 - 3*m - 6. Let g be s(6). Let j be (9/g)/(1/32*4). Calculate the remainder when x(j) is divided by 6.
5
Let x(p) = 6*p - 10. Let b be -4*(-1 + 2)/(3/(-6)). Let g be x(b). Let t = g + -30. What is the remainder when 46 is divided by t?
6
Suppose -5*u = -3*h + 338, -2*h - 3*u + 111 = -146. Let t(w) = -40*w - 22. Calculate the remainder when h is divided by t(-1).
13
Suppose 4*k - 4*k - 5*k + 23300 = 0. What is the remainder when k is divided by 126?
124
Let a = 47 + -44. Suppose 2*g + a*g + 1165 = 5*n, 3*n - 4*g - 694 = 0. Calculate the remainder when n is divided by 48.
46
Let d(x) = 2*x + 42. Let t be d(-19). Suppose t*f + 29 = 2*h - 11, 3*h + 5*f = 115. Calculate the remainder when 1/(-3) - 338/(-6) is divided by h.
26
Suppose 4*d - 3*u - u + 400 = 0, 0 = 2*d - u + 205. Let c be (-5)/(d/(-414))*-7. Suppose 4*j = -2*j + c. What is the remainder when j is divided by 12?
11
Suppose i = -i + 48. Let r = 37276 - 37213. Calculate the remainder when r is divided by i.
15
Suppose 5 = 4*l - 3*l. Suppose -3*z = -l*t + 43, -4*z + 3*z = 3*t - 23. What is the remainder when (-16 + 22)*(-14)/(-6) is divided by t?
6
Suppose -180*f - 23109 + 27753 = -33156. What is the remainder when f is divided by 46?
26
What is the remainder when 2 + 0 - ((-15789)/21 + (-72)/(-84)) is divided by 23?
17
Suppose 0 = 5*k - 33 + 13. What is the remainder when 1*(k/4 - 0)*89 is divided by 30?
29
Let g be (-6)/(-4)*140/42. Suppose -49 = -g*z + 6. Calculate the remainder when 84*(3*1/(-3))/(-1) is divided by z.
7
Suppose 3*a - 4 - 24 = 2*r, a - 15 = -5*r. What is the remainder when (-9)/(-18)*(1 - (-22 + 3)) is divided by a?
0
What is the remainder when 1270 is divided by 28*8/(-16) - -55?
40
Suppose -9*d + 2*d = -7. What is the remainder when (1002/(-12))/((-15)/12 + d) is divided by 84?
82
Suppose -14612 - 9563 = -12*b - 115. Calculate the remainder when b is divided by 286.
3
What is the remainder when 0 + (0 - (1 + -24)) is divided by ((-2622)/(-96) + -28)*-16?
1
Suppose 6*j - m = 2*j + 50, -14 = -2*j - 5*m. Suppose 5*w - j*w + 483 = 0. Calculate the remainder when 270 is divided by w.
63
Let r(a) = -135*a + 46. What is the remainder when 9244 is divided by r(0)?
44
Let c be 25/15*(-22 + 31). Let d(m) be the third derivative of m**4/24 - m**3/2 - m**2. What is the remainder when 21 is divided by d(c)?
9
Let p = 2600 - 1286. What is the remainder when 2/17 + p/102 is divided by 8?
5
Let v(j) be the first derivative of 2*j**3 - 23*j**2/2 - 8*j - 63. Calculate the remainder when 63 is divided by v(5).
9
Suppose -5*z = 4*d - 7*z - 32, -12 = 3*z. Suppose 3*p - 7 = -3*j + 23, -2*j - 5*p + 8 = 0. Suppose 2*c = -d + j. Calculate the remainder when c is divided by 2.
0
Let t(x) = 3 + 3668*x**3 + 7*x - 3667*x**3 + 19*x - 7*x**2. Suppose k - 8 = 4*r + 9, -4*k + 3*r + 68 = 0. What is the remainder when t(5) is divided by k?
15
Let o(j) = 222*j + 481. What is the remainder when 578 is divided by o(-2)?
23
Let f(c) = -35*c**2 + 225*c + 151. Let z(h) = -33*h - 1. What is the remainder when z(-9) is divided by f(7)?
10
Suppose -3*k = -5*c + 1373, -3*c + 1674 = 3*c + 3*k. What is the remainder when c is divided by 270?
7
Let c = -1306 + 1383. Let m = 0 + 8. Let q(y) = 4*y - 12. What is the remainder when c is divided by q(m)?
17
Suppose 5*w = -x + 20, 7*w = -4*x + 4*w + 63. Let k(r) = -r**2 + 17*r - 24. What is the remainder when 6*4/(-18)*-12 is divided by k(x)?
4
Let x(f) = -6*f - 13 - 9*f + 0*f - 55. Let y(o) = -o**2 + 12*o - 15. Let u be y(12). Calculate the remainder when x(u) is divided by 16.
13
Let s(u) = -u**3 - 6*u**2 + 81*u - 52. Calculate the remainder when s(-16) is divided by 67.
6
Let a(w) = -w**3 + 3*w + 2. Let c(l) = -l**3 + 12*l**2 - 9*l - 22. Let o be c(11). Let d be a(o). What is the remainder when 2/(d + 70/(-36)) is divided by 8?
4
Calculate the remainder when 3518 is divided by (-4 - 50)/(-27)*(-9)/(-2).
8
Let p(h) = h**3 - 9*h**2 - 8*h + 4. Let x(c) = c**3 - 2*c**2 - 2*c + 1. Let t be x(2). What is the remainder when p(10) is divided by 7/((-14)/(-20)) - t?
11
Let n(y) = 20*y - 1. Let s = 1372 + -1367. Suppose -12*q + s*d - 304 = -15*q, 2*q + d - 191 = 0. What is the remainder when q is divided by n(1)?
17
Suppose -o + 4 + 3 = j, -35 = -5*j + o. Let z be (100/15)/20 - (-2)/(-6). Suppose 40*y - 32*y - 232 = z. Calculate the remainder when y is divided by j.
1
Let i(k) = -k**2 - k + 13. Let q = 0 + 0. Let y = 512316 - 512268. Calculate the remainder when y is divided by i(q).
9
Suppose 0 = 162*w - 166*w + 151 + 557. What is the remainder when 285 is divided by w?
108
Suppose 6*r - 1403 = p + 1384, 4*p - 12 = 0. What is the remainder when r is divided by 26?
23
Suppose 4*b - 6 = 2*j, 148*j - 30 = 144*j + 2*b. What is the remainder when 8929 is divided by j?
8
Let k(c) = 3*c**2 + 2*c + 42. Let t be k(9). Let y = t - 112. What is the remainder when y is divided by 64?
63
Suppose 0 = t + 4*t - 10. Let g(b) = 2*b**3 - 2*b**2 + 3*b - 3. What is the remainder when -1 - (4 - 1 - -16)*-1 is divided by g(t)?
7
Let x(h) = -8*h + 4. Let k(l) = -l**2 - 2*l + 2. Let n be k(0). Let a be x(n). What is the remainder when 20 is divided by 18*3*(-2)/a?
2
Let k(b) = b**2 + 13*b + 24. Let g be k(-9). Let r = 15 + g. Suppose 2*f - n = -2*n + 102, 152 = r*f + n. What is the remainder when f is divided by 17?
16
Let o = 9 - 4. Suppose o*i + 2*i = 0. Suppose i = -b + 2, 0*b - 94 = -4*q + 5*b. What is the remainder when q is divided by 4?
2
Suppose 0 = -2*i + 5*n + 9531, -108*i - 18936 = -112*i - 4*n. What is the remainder when i is divided by 13?
11
Suppose 0 = -2*h - 6*h + 440. Let j = h + -55. Let q = j + 17. Calculate the remainder when 61 is divided by q.
10
Suppose -98*z + 96*z = -2*a - 220, 0 = z - 2*a - 116. What is the remainder when 317 is divided by z?
5
What is the remainder when (-13 + -10 - -9) + 225 is divided by 73?
65
Suppose 14*y + 390 = 40*y. Let f(d) = 17*d**2 - 13*d + 2. Let m be f(10). What is the remainder when (-4)/(-6) + m/18 is divided by y?
13
Let d = -24 + 47. Calculate the remainder when d is divided by ((-221)/340 - (-7)/28) + 126/15.
7
Let n(b) = b**3 + 17*b**2 - 21*b - 45. Let o be n(-18). Suppose -o*c = -8*c - 22. What is the remainder when 99 is divided by 1*(-4)/c + (-8928)/(-341)?
21
Let p = 8880 - 6697. Calculate the remainder when p is divided by 24.
23
Calculate the remainder when (1 - 2)/(198/(-8712)) is divided by 12.
8
Suppose 9 = 3*s - 0. Suppose s*r + 1 = -5. Let t(p) = 5*p**2 - 2*p - 5. What is the remainder when t(r) is divided by 11?
8
What is the remainder when 13311 is divided by ((-78)/(-8))/((-3)/(-32))?
103
Let n = 146 + -73. Let m = 867 - 807. Suppose 3*l - 4*c - 31 = 0, -4*l + 10*c + m = 14*c. What is the remainder when n is divided by l?
8
Let l(i) = 3*i**3 + 5*i**2 + 2*i - 1. Let o be l(-3). Let n = o - -177. What is the remainder when n is divided by (-673)/(-15) - 38/(-285)?
44
Suppose 91239 = 208*a - 34393. What is the remainder when a is divided by 14?
2
Let v(x) = 27*x + 23 + 0*x**2 + x**2 + 36. Suppose 0 = -5*p + 2*p + 291. Calculate the remainder when p is divided by v(-26).
31
Let t(w) = -9*w + 31. Let d be t(3). Let i(h) = -h**3 + 10*h**